{"id":1940,"date":"2016-07-14T20:18:37","date_gmt":"2016-07-14T18:18:37","guid":{"rendered":"http:\/\/www.jagdhundeausbildung.info\/?page_id=1940"},"modified":"2016-07-14T20:18:37","modified_gmt":"2016-07-14T18:18:37","slug":"jagdhundevorfuehrung-in-rollsdorf-beim-reiterfest-am-5-mai-2016","status":"publish","type":"page","link":"http:\/\/www.jagdhundeausbildung.info\/?page_id=1940","title":{"rendered":"Jagdhundevorf\u00fchrung in Rollsdorf beim Reiterfest, am 5 Mai 2016"},"content":{"rendered":"<p>Bei herrlichem Wetter pr\u00e4sentierten wir das K\u00f6nnen unserer Jagdhunde.<\/p>\n<div class=\"photo_gallery\"><ul>\n<li><span class=\"frame\"><a href=\"http:\/\/www.jagdhundeausbildung.info\/wp-content\/uploads\/2016\/07\/IMG_1468516342129.jpg \" title=\"Jagdhundevorf\u00fchrung Rollsdorf\"  rel=\"prettyPhoto[rt_photo_gallery]\" class=\"imgeffect plus\"><img src=\"http:\/\/www.jagdhundeausbildung.info\/wp-content\/uploads\/2016\/07\/IMG_1468516342129-135x135.jpg\" alt=\"\" \/><\/a><\/span><span class=\"p_caption\" style=\"width:135px\"><\/span><\/li>\n<li><span class=\"frame\"><a href=\"http:\/\/www.jagdhundeausbildung.info\/wp-content\/uploads\/2016\/07\/IMG_1468516367241.jpg \" title=\"Jagdhundevorf\u00fchrung Rollsdorf\"  rel=\"prettyPhoto[rt_photo_gallery]\" class=\"imgeffect plus\"><img src=\"http:\/\/www.jagdhundeausbildung.info\/wp-content\/uploads\/2016\/07\/IMG_1468516367241-135x135.jpg\" alt=\"\" \/><\/a><\/span><span class=\"p_caption\" style=\"width:135px\"><\/span><\/li>\n<li><span class=\"frame\"><a href=\"http:\/\/www.jagdhundeausbildung.info\/wp-content\/uploads\/2016\/07\/IMG_1468516326271.jpg \" title=\"Jagdhundevorf\u00fchrung Rollsdorf\"  rel=\"prettyPhoto[rt_photo_gallery]\" class=\"imgeffect plus\"><img src=\"http:\/\/www.jagdhundeausbildung.info\/wp-content\/uploads\/2016\/07\/IMG_1468516326271-135x135.jpg\" alt=\"\" \/><\/a><\/span><span class=\"p_caption\" style=\"width:135px\"><\/span><\/li>\n<li><span class=\"frame\"><a href=\"http:\/\/www.jagdhundeausbildung.info\/wp-content\/uploads\/2016\/07\/IMG_1468516323283.jpg \" title=\"Jagdhundevorf\u00fchrung Rollsdorf\"  rel=\"prettyPhoto[rt_photo_gallery]\" class=\"imgeffect plus\"><img src=\"http:\/\/www.jagdhundeausbildung.info\/wp-content\/uploads\/2016\/07\/IMG_1468516323283-135x135.jpg\" alt=\"\" \/><\/a><\/span><span class=\"p_caption\" style=\"width:135px\"><\/span><\/li>\n<li><span class=\"frame\"><a href=\"http:\/\/www.jagdhundeausbildung.info\/wp-content\/uploads\/2016\/07\/IMG_1468516333063.jpg \" title=\"Jagdhundevorf\u00fchrung Rollsdorf\"  rel=\"prettyPhoto[rt_photo_gallery]\" class=\"imgeffect plus\"><img src=\"http:\/\/www.jagdhundeausbildung.info\/wp-content\/uploads\/2016\/07\/IMG_1468516333063-135x135.jpg\" alt=\"\" \/><\/a><\/span><span class=\"p_caption\" style=\"width:135px\"><\/span><\/li>\n<li><span class=\"frame\"><a href=\"http:\/\/www.jagdhundeausbildung.info\/wp-content\/uploads\/2016\/07\/IMG_1468516329596.jpg \" title=\"Jagdhundevorf\u00fchrung Rollsdorf\"  rel=\"prettyPhoto[rt_photo_gallery]\" class=\"imgeffect plus\"><img src=\"http:\/\/www.jagdhundeausbildung.info\/wp-content\/uploads\/2016\/07\/IMG_1468516329596-135x135.jpg\" alt=\"\" \/><\/a><\/span><span class=\"p_caption\" style=\"width:135px\"><\/span><\/li>\n<li><span class=\"frame\"><a href=\"http:\/\/www.jagdhundeausbildung.info\/wp-content\/uploads\/2016\/07\/IMG_1468516336406.jpg \" title=\"Jagdhundevorf\u00fchrung Rollsdorf\"  rel=\"prettyPhoto[rt_photo_gallery]\" class=\"imgeffect plus\"><img src=\"http:\/\/www.jagdhundeausbildung.info\/wp-content\/uploads\/2016\/07\/IMG_1468516336406-135x135.jpg\" alt=\"\" \/><\/a><\/span><span class=\"p_caption\" style=\"width:135px\"><\/span><\/li>\n<li><span class=\"frame\"><a href=\"http:\/\/www.jagdhundeausbildung.info\/wp-content\/uploads\/2016\/07\/IMG_1468516374499.jpg \" title=\"Jagdhundevorf\u00fchrung Rollsdorf\"  rel=\"prettyPhoto[rt_photo_gallery]\" class=\"imgeffect plus\"><img src=\"http:\/\/www.jagdhundeausbildung.info\/wp-content\/uploads\/2016\/07\/IMG_1468516374499-135x135.jpg\" alt=\"\" \/><\/a><\/span><span class=\"p_caption\" style=\"width:135px\"><\/span><\/li>\n<li><span class=\"frame\"><a href=\"http:\/\/www.jagdhundeausbildung.info\/wp-content\/uploads\/2016\/07\/IMG_1468516390244.jpg \" title=\"Jagdhundevorf\u00fchrung Rollsdorf\"  rel=\"prettyPhoto[rt_photo_gallery]\" class=\"imgeffect plus\"><img src=\"http:\/\/www.jagdhundeausbildung.info\/wp-content\/uploads\/2016\/07\/IMG_1468516390244-135x135.jpg\" alt=\"\" \/><\/a><\/span><span class=\"p_caption\" style=\"width:135px\"><\/span><\/li>\n<\/ul><div class=\"clear\"><\/div><\/div>","protected":false},"excerpt":{"rendered":"<p>Bei herrlichem Wetter pr\u00e4sentierten wir das K\u00f6nnen unserer Jagdhunde.<\/p>\n","protected":false},"author":1,"featured_media":0,"parent":0,"menu_order":0,"comment_status":"closed","ping_status":"closed","template":"","meta":{"_eb_attr":""},"_links":{"self":[{"href":"http:\/\/www.jagdhundeausbildung.info\/index.php?rest_route=\/wp\/v2\/pages\/1940"}],"collection":[{"href":"http:\/\/www.jagdhundeausbildung.info\/index.php?rest_route=\/wp\/v2\/pages"}],"about":[{"href":"http:\/\/www.jagdhundeausbildung.info\/index.php?rest_route=\/wp\/v2\/types\/page"}],"author":[{"embeddable":true,"href":"http:\/\/www.jagdhundeausbildung.info\/index.php?rest_route=\/wp\/v2\/users\/1"}],"replies":[{"embeddable":true,"href":"http:\/\/www.jagdhundeausbildung.info\/index.php?rest_route=%2Fwp%2Fv2%2Fcomments&post=1940"}],"version-history":[{"count":4,"href":"http:\/\/www.jagdhundeausbildung.info\/index.php?rest_route=\/wp\/v2\/pages\/1940\/revisions"}],"predecessor-version":[{"id":1944,"href":"http:\/\/www.jagdhundeausbildung.info\/index.php?rest_route=\/wp\/v2\/pages\/1940\/revisions\/1944"}],"wp:attachment":[{"href":"http:\/\/www.jagdhundeausbildung.info\/index.php?rest_route=%2Fwp%2Fv2%2Fmedia&parent=1940"}],"curies":[{"name":"wp","href":"https:\/\/api.w.org\/{rel}","templated":true}]}}